s(-14).
79
Let n(g) = -2*g + 4*g**3 - 5*g**2 - 4*g + 2 - 3*g**3. Let d be n(6). Suppose 2*y - d = -c + 4, -3*c - 3*y = -21. List the prime factors of c.
2
Let a be -7*1*(-3 + 2). Suppose -3*p = 2*q - a, -4*q - 2*p = -9*q + 27. Suppose 51 = 2*i - q*v, -2*v + 39 + 45 = 5*i. What are the prime factors of i?
2, 3
Let a(i) = i**3 + 14*i**2 + i - 1. List the prime factors of a(-13).
5, 31
Let t = -26 + 61. What are the prime factors of t?
5, 7
Let h(q) = -3*q**3 - q - 1. Let x be h(-1). List the prime factors of (-1)/(3/(-39)) + x.
2
Let x be (-2)/(-9) - (-48)/27. Let r be (-1)/(3/12) + x. List the prime factors of 92/12 - r/6.
2
Suppose 4*f + 24 = 2*k, -2 = 5*f + 18. Suppose -3*o = 5*y - 1, -o - 2 = k*y + 7. What are the prime factors of o?
7
Let m(y) = -y**3 - 8*y**2 - 8*y - 4. Let c be m(-7). Let g be c/(-2)*-2 - 1. Suppose -g*n = -3*n + 4. What are the prime factors of n?
2
Let y be 3/(-6)*(-1 - 1). Let i = -1 + y. Suppose 0 = -i*b - b + 5. What are the prime factors of b?
5
Suppose g - 4 + 3 = 0. Let h = 4 + -7. List the prime factors of -2 - ((-16)/g + h).
17
Let n(b) = b + 1. What are the prime factors of n(10)?
11
Let j = -8 + 23. What are the prime factors of j?
3, 5
Let r(k) = k**3 - 9*k**2 + 9*k - 12. Let c be r(8). Let u(v) = -v**3 - 2*v**2 - 2*v + 1. What are the prime factors of u(c)?
41
Let f be (1 - 3 - 0) + 7. Let a = -2 - -5. Suppose -r = -n + 7, a*r - f*r = -3*n + 23. List the prime factors of n.
3
Suppose -4*g + 16 = l + 2, 5*l = -2*g + 70. Let a(t) = l + 4*t + 7*t - 13. List the prime factors of a(1).
2, 3
Suppose 3*i = -2*h + 95 + 120, -2*i = 5*h - 136. What are the prime factors of i?
73
Suppose -780 = 3*q + 2*q. What are the prime factors of q/18*3/(-2)?
13
Let j be 3/12*10*-2. Let p = 19 + -32. Let i = j - p. List the prime factors of i.
2
Suppose 5*y = 62 + 8. Let u = -5 + y. List the prime factors of u.
3
Let u be (-2)/(3 + 34/(-12)). Let v = u + 19. List the prime factors of v.
7
Let s = 5 + -5. Suppose s*t = -t + 3. Suppose m = 2*m - t. List the prime factors of m.
3
Let l(a) = 6*a - 9. Let f(h) = 12*h - 18. Let k(x) = 3*f(x) - 5*l(x). List the prime factors of k(6).
3
Let g = 4 - 2. Suppose 3 = g*o + 49. Let j = o - -32. List the prime factors of j.
3
Let l(x) = 2*x + 12. What are the prime factors of l(7)?
2, 13
Suppose 4*v + 2*z - 401 = 5*z, -z - 302 = -3*v. List the prime factors of v.
101
Suppose -3*j + 3*k + 12 = 0, -2*j - k = -6*j + 28. List the prime factors of j.
2
Let n(x) = x + 3. Let j be n(0). Let z = 12 + -11. Let y = z + j. List the prime factors of y.
2
Suppose 3*c + j = -1, -3*c + 8*j - 3*j = -5. Suppose c = k + p + 30, 3*p + p = -8. What are the prime factors of (k/8)/(2/(-4))?
7
Let f(c) = 17*c - 1. Let a be f(3). Let y = -34 + a. What are the prime factors of y?
2
Suppose -1 = c - z + 5*z, 0 = 3*c - 5*z + 3. List the prime factors of ((-555)/(-30))/(c/(-2)).
37
Let c(d) = -d**3 - 3*d**2 + 5*d. Let i be c(-4). Let r be (-18)/4 + 6/i. List the prime factors of r/(-24) + (-39)/(-4).
2, 5
Suppose 0*v - 348 = 2*v. List the prime factors of (-1)/(-2) - v/12.
3, 5
Suppose -90 - 10 = -5*o. Suppose -4*d = o + 44. What are the prime factors of (2/4)/((-4)/d)?
2
Let a be 18/4 - (-1)/2. Suppose -4*l = -i - 14, -i + 3*i = l. Let r = a + i. List the prime factors of r.
7
List the prime factors of (10/(-25) + (-14)/(-10))*111.
3, 37
Let f = -2 + 2. Suppose f = -7*v + 3*v + 148. Suppose 3*t + t + 3*o - v = 0, 0 = -o + 3. List the prime factors of t.
7
Suppose 5*k - 4*m - 8 = 0, -k + 3 = 2*k - 3*m. Let z = 17 - k. List the prime factors of z.
13
Let m(g) be the second derivative of -g**5/20 + g**4/3 - g**3/3 - g. Suppose 2*z = 5*t - 3*z - 20, 0 = -2*t + 5*z + 11. List the prime factors of m(t).
3
Let p be -1 - 1/(-1)*4. Let j = 40 - p. Let m = j - 25. List the prime factors of m.
2, 3
Suppose -12 = -6*u + 2*u. Suppose -u = g - 21. List the prime factors of g.
2, 3
Let n(y) = -6*y - 5. Let l be n(-2). Let c = 16 + -5. Let i = c - l. List the prime factors of i.
2
Suppose 24*i - 23*i - 133 = 0. What are the prime factors of i?
7, 19
Let d be 0 + 0 - (-1)/(-1). Let q = 14 - d. Suppose -q = -2*u + 3. What are the prime factors of u?
3
Let i(z) be the third derivative of -z**5/60 + z**4/24 + 5*z**3/3 + 3*z**2. Let s be i(0). Let r = 29 - s. List the prime factors of r.
19
Let x(r) = r**3 + 14*r**2 - 15*r + 2. What are the prime factors of x(-15)?
2
Let q = 7 - 2. What are the prime factors of q?
5
Let v(c) = c - 6. Let f(q) = 3*q - 19. Let g(p) = -4*f(p) + 11*v(p). Let t be g(8). Suppose -t*n = n + 3*z - 15, 4*z = n + 5. List the prime factors of n.
3
Let f(s) = s**3 - 5*s**2 - 5*s - 2. Let x be f(5). Suppose -d - g + 491 = 0, -4*d - 702 = -4*g - 2674. List the prime factors of 4/(-18) - d/x.
2, 3
Let x(d) = 7*d**3 + d**2 + 2*d - 2. What are the prime factors of x(2)?
2, 31
Let b = -3 + -2. Let u = b + 4. What are the prime factors of (0 - u)*-1 - -5?
2
What are the prime factors of (-6 - (-75)/10) + (-886)/(-4)?
223
Let b = -6 - -4. Let a(t) = -7*t + 1. List the prime factors of a(b).
3, 5
What are the prime factors of 36/(2/8*6)?
2, 3
Suppose -b = 2*b + 18. Let p(r) = -r**3 - 5*r**2 + 7*r + 9. What are the prime factors of p(b)?
3
Suppose 4 - 13 = 3*v. Suppose 0 = 3*f - 0*f - r + 20, -5 = -4*f - 5*r. Let n = v - f. What are the prime factors of n?
2
Let t = 26 + -23. Let i = t - -14. List the prime factors of i.
17
Let g = 6 - 1. Suppose v - g - 7 = 0. List the prime factors of v.
2, 3
Let s = 4 - 2. Suppose -s*i = 2*i - 32. List the prime factors of i.
2
Let x(m) = m**3 + 8*m**2 + 5. Let l(s) be the third derivative of -s**5/30 - 3*s**2. Let i be l(2). List the prime factors of x(i).
5
Let c(u) = -3*u + 4. Let x be c(-6). Let k = 33 - x. List the prime factors of k.
11
Let y = 77 - 25. What are the prime factors of y?
2, 13
Let h(x) = x**2 - 7*x + 3. List the prime factors of h(9).
3, 7
Let m = -16 + 16. Suppose 2*w - 6 - 14 = m. What are the prime factors of w?
2, 5
Let j(p) = 2*p - 8. Suppose -5*o - 10 = -4*h + 3, h = -5*o + 22. What are the prime factors of j(h)?
2, 3
Suppose -3*a = -519 - 126. What are the prime factors of a?
5, 43
Suppose 4*m - 5 - 27 = 0. Let u = m + -4. What are the prime factors of u?
2
Let n be (4 + -5)/(2/(-10)). Let u(x) = 5 - x - 1 - n. List the prime factors of u(-12).
11
Suppose b = w - 6*w + 43, 0 = -b + 5*w + 23. Suppose b = 3*x - 3*o, -3*o - 28 = -2*x + o. List the prime factors of x.
2
Let m(v) = -8*v - 3. Let d be m(-2). Let p = 5 - d. Let h = p - -19. What are the prime factors of h?
11
Suppose 12*c = 17*c - 380. List the prime factors of c.
2, 19
Suppose 3*l + 5*t = 52 - 7, 2*l = t + 17. What are the prime factors of l?
2, 5
Suppose 2*y - 3 = -y. Let c(n) = n**3 + 2*n - 1. Let r be c(y). Suppose 0 = 4*a + r*f - 68, 5*f = -a + 17 + 18. List the prime factors of a.
3, 5
Let c(p) = -p + 5. Let o be c(0). Let w = -2 + o. List the prime factors of w.
3
Suppose 3*b + 84 = -3*o, -114 = 4*b + 2*o + 6. Let f = -19 - b. What are the prime factors of f?
13
Let j(d) = d**2 - 4*d + 7. Let a be j(8). Suppose -4*i + i = -a. Suppose 0 = -2*t - x - x + 10, 2*t + 3*x - i = 0. List the prime factors of t.
2
Suppose 134 = 5*l - 16. List the prime factors of l.
2, 3, 5
Let a be 15/(-1)*18/15. Let h be 2 + -3 - a/3. Suppose 0*c = h*c - 10. What are the prime factors of c?
2
What are the prime factors of (13/(-3))/(3 - (-163)/(-54))?
2, 3, 13
Suppose -m + 2 = -1. Suppose m*h - 26 = 16. What are the prime factors of h?
2, 7
Let f(t) = t + 7. Suppose 0 = 5*l - 1 - 39. List the prime factors of f(l).
3, 5
Let u be (4/(-3))/(12/(-18)). Suppose 3*l = 2*h - 19, 5*h - u*h - 3*l - 27 = 0. What are the prime factors of h?
2
What are the prime factors of (0 + -4)*329/(-28)?
47
Suppose -32 = -3*i - 2*s + 27, 0 = 3*i + 5*s - 62. List the prime factors of i.
19
What are the prime factors of (-649)/(-33) - 4/6?
19
Suppose -4*y = -31 - 93. Suppose -f = -0*l - 2*l + 68, f = -l + y. What are the prime factors of l?
3, 11
List the prime factors of -28*(44/14 + -4).
2, 3
Let g(h) = h**3 + 11*h**2 + 4*h - 9. Let q be g(-11). Let d = q + 114. What are the prime factors of d?
61
Suppose 7*i = 759 + 46. What are the prime factors of i?
5, 23
Let g = 44 - -279. What are the prime factors of g?
17, 19
Let v = 0 + 16. What ar